prime factors of l?
193
Suppose 5*c + 2*s - 47 = 4*c, 253 = 4*c - 5*s. Suppose -c + 150 = 3*h. What are the prime factors of h?
31
Let f = -19 + 19. Suppose 2*z + f*z + 4 = 0. List the prime factors of ((-88)/110)/(z/105).
2, 3, 7
Suppose -x - 7 = 4*d - 0*d, d + 8 = x. Suppose 128 = 5*i - 4*g - 6, -x*g = 5*i - 125. What are the prime factors of i?
2, 13
Let p(s) = s**3 + 10*s**2 + 4*s - 10. Let l be p(-11). What are the prime factors of (1490/l + (-4)/14)*-10?
2, 11
Let a(j) = -j**3 + 14*j**2 - 5*j - 21. Let w = 19 - 11. Let l(d) = d**2 - 8*d + 13. Let u be l(w). List the prime factors of a(u).
83
Suppose 0*a + 66 = -5*d + a, 3*d - a = -38. Let q = 47 - d. List the prime factors of q.
61
Suppose 0 = -0*a + 3*a - 264. Let v = a - 50. What are the prime factors of v?
2, 19
Suppose 6*n = n + 2*t - 4, -3*t = -5*n - 6. Suppose n = 10*c - 7*c. What are the prime factors of -5 + 42 + c/(-2)?
37
Let a = 2628 + -1850. What are the prime factors of a?
2, 389
Let y = -16 - -8. Suppose 0 = 5*x - 6*x - 3, 3*j + 3*x = 96. Let c = j + y. List the prime factors of c.
3
Let f = 12 - 12. Suppose f = -0*o + 4*o - 112. What are the prime factors of o?
2, 7
What are the prime factors of (-3)/(-4) - 393531/(-188)?
2, 3, 349
Suppose 4*s - 5*n = 17, 5*n + 1 = -3*s + 5*s. What are the prime factors of 1504/16 - s/2?
2, 3, 5
Let i = 694 + -494. List the prime factors of i.
2, 5
Suppose 0 = -4*u - 2*d + 6 + 2, -10 = -4*u - d. Suppose k = 27 + u. List the prime factors of k.
2, 3, 5
Suppose 13*t - 237 - 1453 = 0. List the prime factors of t.
2, 5, 13
Let g = -26 - -22. Let m be (0*(-2)/g)/3. Suppose -40 = -m*w - w. What are the prime factors of w?
2, 5
Suppose 9 = 5*q - 11. Suppose -283 = -5*r - s, -3*r + 163 = q*s - 0*s. What are the prime factors of r?
3, 19
Let t be 100/45 - (-8)/(-36). Suppose 8*j - t*j = 204. List the prime factors of j.
2, 17
Let t be 1/(-4) - (-1)/((-20)/415). List the prime factors of t/(-49) + 470/14.
2, 17
Let t(f) = -7*f**3 + f**2 - f - 1. Let m be t(-1). Let a(v) = v**2 - 9*v + 6. Let q be a(m). What are the prime factors of 10 + q + 1 + 0?
3
Suppose -4 = 4*j, 2*i - 5*j = 4*i - 27. Suppose 20*p - i*p - 536 = 0. List the prime factors of p.
2, 67
Suppose 0 = 7*u - 3*u - 188. Let p = u + -8. Suppose -p + 6 = -3*z. List the prime factors of z.
11
Let p = 44 + -39. Suppose p*h - 4*b = 143 + 199, 2*h = 4*b + 132. List the prime factors of h.
2, 5, 7
Let n be ((-32)/20)/(-4)*35. Let v(d) = 1 - 5 - n*d - 4*d. List the prime factors of v(-3).
2, 5
Let g(r) = -19*r**2 + 4*r + 2. Let t(s) = 57*s**2 - 12*s - 7. Let q(d) = -7*g(d) - 2*t(d). Let u be q(-3). Suppose 3*m + 0*m = u. List the prime factors of m.
61
Suppose 2*a - 5 + 3 = 0, 4*s + 5*a = 17. Let w be ((-195)/26)/(s/4). Let n = 36 - w. What are the prime factors of n?
2, 23
Let f be -5 + (-1)/8 + (-10580)/(-160). Suppose s + 3*u = -0*s + 109, 3*s - 5*u = 369. Let c = s - f. What are the prime factors of c?
3, 19
Let t = -696 + 1605. List the prime factors of t.
3, 101
Suppose -455*n + 27480 = -440*n. List the prime factors of n.
2, 229
Suppose 3*k + 536 - 1323 = -2*j, 4*j = 2*k + 1598. Suppose -2*t - 3*t + 2*w + j = 0, 5*t + 2*w = 402. What are the prime factors of t?
2, 5
Suppose j - 4835 = -3*x, 4*x + 3*j = 4*j + 6435. What are the prime factors of x?
2, 5, 7, 23
Let m be (-8)/(-24) - 14/(-3). Let o = m - 13. Let k = 3 - o. What are the prime factors of k?
11
Suppose -2*h = -7*h + 5350. Suppose -8*o = -h + 38. List the prime factors of o.
3, 43
Let b(u) = 15*u**2 - 18*u - 20. List the prime factors of b(-6).
2, 157
Let m(z) = z**3 + 5*z**2 - 4*z - 7. Let j be (-86)/18 + 4/(-18). Let n be m(j). Suppose -r - w = -0 - 7, 4*r + w = n. List the prime factors of r.
2
Suppose 4*f - 2*c + 6 = 0, -4*c - c = -15. Let q = -6 - f. Let x(p) = -5*p - 2. What are the prime factors of x(q)?
2, 7
Suppose 3*v = -v - 332. Let d be 58/3*(10 + 207/(-18)). Let o = d - v. List the prime factors of o.
2, 3
Suppose 4*b + 2902 = 6*b + 5*m, 4*b + 5*m = 5794. What are the prime factors of b?
2, 3, 241
Let f(s) = s**3 + 30*s**2 + 16*s - 58. Let x be f(-29). Let o = x - 131. What are the prime factors of o?
2, 47
Suppose -k = 2*k. Suppose s + 3*s = k. Let n = 20 - s. What are the prime factors of n?
2, 5
Suppose -x - x = 0. Suppose 4*p - 7*p = -a + 45, 4*a = -3*p + 105. Suppose -4*c - 2*v + a = x, -v = -0*c + 4*c - 27. List the prime factors of c.
2, 3
Suppose -5*b - 5*w + 15 = 0, -4*b + 0*w + 57 = -5*w. What are the prime factors of b/12 - 2570/(-15)?
2, 43
Let d(j) = j**2 - 6*j - 5. Let f be d(7). Suppose -4*p = 4*k - f*k - 256, 4*k - 491 = -p. What are the prime factors of k?
2, 61
Let d = 1969 + -1650. What are the prime factors of d?
11, 29
Suppose 0 = 2*b - 5*t - 11, 0*b - 3*b = 3*t - 27. Suppose -8*v + b = -6*v. Let h = v - 1. List the prime factors of h.
3
Let f(j) = 6*j - 19. Let z be f(4). Let o(i) = 4*i**2 - 12*i + 2. List the prime factors of o(z).
2, 3, 7
What are the prime factors of (285/1)/(8/24)?
3, 5, 19
Let l(w) = 15*w - 58. List the prime factors of l(26).
2, 83
Let d(w) = -w**2 - 14*w - 3. Let r be d(-12). Suppose -5*x + 6 = r. What are the prime factors of (x/(-3))/(-2)*-8?
2
Let s = 30 + -44. Let m be (-240)/56 + (-4)/s. What are the prime factors of (2 - 1) + m + 22?
19
Let c = -80 - -90. List the prime factors of (-6)/c - ((-86)/10 - -2).
2, 3
Suppose 792 = -4*a - 4*t + 4340, 2*a + 3*t = 1772. What are the prime factors of a?
7, 127
List the prime factors of 7/(-2)*5/((-10)/252).
3, 7
Suppose -r = -7*f - 809, -25 + 5 = -5*f. List the prime factors of r.
3, 31
Let q = -10 + 12. Suppose t + 5*y - 7 = 0, 5*t + q = y - 15. List the prime factors of (-15)/(-6)*(-6)/t.
5
Let a(w) = w - 2. Let d be a(7). Suppose -451 - 839 = -d*z. List the prime factors of z.
2, 3, 43
Let h(c) = 4*c**2 + 6*c + 5. Let n be 4*((-18)/(-4))/(-3). List the prime factors of h(n).
113
Suppose 0 = -2*i - 3*i - 3*p + 4596, -i = 5*p - 906. What are the prime factors of i?
3, 307
Let a = 16 - -110. Let c = a - 62. What are the prime factors of c?
2
Let y = 743 + -432. List the prime factors of y.
311
Let g = 630 - 211. Suppose l + 104 = g. What are the prime factors of l?
3, 5, 7
What are the prime factors of 74/3*(-594)/72*-2?
11, 37
Let d be 2/12 + 2485/(-42). Let h = -3 - d. List the prime factors of h.
2, 7
Let b be (-6)/(-10) + (-2)/10*-2. Let v = 16 - b. List the prime factors of v.
3, 5
Suppose -2*l - 2*l - 36 = 0. Let u(f) = f**2 + 8*f + 5. Let i be u(l). Suppose 4*a - i = 10. What are the prime factors of a?
2, 3
Let x(a) = 5*a**2 - 8*a - 4. Let h be x(7). Let j = -109 + h. What are the prime factors of j?
2, 19
Suppose -2*l = -4*r + 2*r + 18, 0 = 2*r + 4*l. Suppose -r = 4*h - 6*h. Let w = 60 - h. What are the prime factors of w?
3, 19
Suppose -2*f + 3*z + 35 = 13, 2*f + 5*z = 38. Let i(g) = 2*g**3 - g**2 + 1. Let o be i(1). Let q = o + f. What are the prime factors of q?
2
Suppose -7 = -5*z - 37. List the prime factors of 10/(-8)*18*16/z.
2, 3, 5
Suppose -8*y + 4 = 4*p - 4*y, 25 = p - 5*y. Let v(u) = -11 + 6*u + 16 - 7. List the prime factors of v(p).
2, 7
Suppose -b - 3*u - 2*u = -926, 4 = -u. List the prime factors of b.
2, 11, 43
Suppose 0*i = 2*i + b - 245, 4*i - 4*b = 520. Suppose 0 = 2*v - 3*o - i, -75 = -v + o - 12. List the prime factors of v.
2
Suppose -928 = -3*j - 26*j. Suppose -4*h - 12 = q - 59, -q = 5. Let l = h + j. What are the prime factors of l?
3, 5
Suppose -13 = -2*z + g, -3*g + 3 = z - 0*z. What are the prime factors of 218/z + 4/(-12)?
2, 3
Let n = -22 + 14. What are the prime factors of n/44 + 376/11?
2, 17
Let q(l) = -l**3 - 11*l**2 - 13*l - 25. Let t be q(-10). Suppose s = t*z + 54, z = -5*s + 134 + 240. List the prime factors of s.
2, 37
Let k = -7 + 7. Suppose k = r - 0 - 3. Suppose 0 = 4*n - r*x - 105, -n + 55 = n - x. List the prime factors of n.
2, 3, 5
Suppose -2*y + 550 = -934. List the prime factors of y.
2, 7, 53
Let k(y) = -y**2 + 4*y**2 - y**2 - 7*y - 35 - 14*y. List the prime factors of k(16).
3, 47
Let m = 54 + -54. List the prime factors of (-4 - m) + 2 - -35.
3, 11
Let a be (-6)/(-9) - (-1410)/(-9). Let b = a + 259. List the prime factors of b.
103
Suppose -n + 3*w + 8 = 0, 3*w = -n - 2*w + 8. Suppose -o + 621 = n*o. What are the prime factors of o?
3, 23
Let k(s) = 2*s**3 - s**2